{"id":651,"date":"2020-02-20T16:03:59","date_gmt":"2020-02-20T15:03:59","guid":{"rendered":"https:\/\/www.asmi.de\/cms\/?page_id=651"},"modified":"2024-11-22T01:03:29","modified_gmt":"2024-11-22T00:03:29","slug":"faxbox","status":"publish","type":"page","link":"https:\/\/www.asmi.de\/cms\/faxbox\/","title":{"rendered":"Digitales Fax"},"content":{"rendered":"\n<p>Im Gesundheitswesen ist das Fax trotz der Telematik Infrastruktur nach wie vor pr\u00e4sent, um eine einfache \u00dcbermittlung von Patientenbefunden, Bescheinigungen und Kommunikation mit noch nicht an die Telematik angeschlossenen Institutionen zu realisieren.<\/p>\n\n\n\n<p>Allerdings ist es neben dem Schonen der Umwelt auch aus betriebswirtschaftlichen Gr\u00fcnden sinnvoll auf Papier im Arbeitsalltag weitestgehend zu verzichten. Medienbr\u00fcche im Arbeitsablauf zwischen analog und digital f\u00fchren zu deutlichem Mehraufwand f\u00fcr betroffene Mitarbeiter und bringen zwangsl\u00e4ufig immer eine Verschlechterung der Datenqualit\u00e4t mit sich.<\/p>\n\n\n\n<p>Aus diesen Gr\u00fcnden ist es w\u00fcnschenswert, auch das Fax als teildigitales Medium zu begreifen und den Empfang sowie Versand computergest\u00fctzt zu realisieren.<\/p>\n\n\n\n<h4 class=\"wp-block-heading\">Rundum digitales Fax<\/h4>\n\n\n\n<p>Mit den L\u00f6sungen unserer Partner Shamrock und Gerdes AG wird Ihr Fax mit Hilfe von CapiFax vollst\u00e4ndig digital. Nicht nur empfangen und versenden Sie ihre Faxe von jedem Arbeitsplatz direkt vom Rechner. Auch einer erweiterten Verzahnung mit DURIA wird m\u00f6glich.<\/p>\n\n\n\n<p>Capifax stellt Ihnen das Journal mit allen ein- und ausgehenden Faxen auf beliebig vielen Arbeitspl\u00e4tzen in ihrer Praxis \u00fcbersichtlich dar. So haben sie und Ihre Mitarbeiter alles optimal im Blick und einer weiteren bequem digitalen Bearbeitung steht nichts im Wege.<\/p>\n\n\n\n<p>Zus\u00e4tzlich beinhaltet CapiFax einen konfigurierbaren Spamfilter, welcher Sie effektiv und automatisch vor unerw\u00fcnschten Faxen und Werbung sch\u00fctzt und Sie Ihre Arbeitszeit auf die wichtigen Dokumente konzentrieren k\u00f6nnen.<\/p>\n\n\n\n<p>Haben Sie die Faxnummern der Patienten oder gesch\u00e4tzten Kollegen in der Patientenakte gepflegt, k\u00f6nnen Sie Befunde oder Arztbriefe direkt und ohne l\u00e4stiges Suchen und \u00dcbertragen der Faxnummer versenden. CapiFax \u00fcbernimmt in Kommunikation mit DURIA die automatische Anwahl und schickt Ihr Fax vollautomatisch an den korrekten Empf\u00e4nger.<\/p>\n\n\n\n<figure class=\"wp-block-image size-large\"><img loading=\"lazy\" decoding=\"async\" width=\"1024\" height=\"499\" src=\"https:\/\/www.asmi.de\/cms\/wp-content\/uploads\/2020\/09\/image-5-1024x499.png\" alt=\"\" class=\"wp-image-995\" srcset=\"https:\/\/www.asmi.de\/cms\/wp-content\/uploads\/2020\/09\/image-5-1024x499.png 1024w, https:\/\/www.asmi.de\/cms\/wp-content\/uploads\/2020\/09\/image-5-300x146.png 300w, https:\/\/www.asmi.de\/cms\/wp-content\/uploads\/2020\/09\/image-5-768x374.png 768w, https:\/\/www.asmi.de\/cms\/wp-content\/uploads\/2020\/09\/image-5-1536x748.png 1536w, https:\/\/www.asmi.de\/cms\/wp-content\/uploads\/2020\/09\/image-5.png 1638w\" sizes=\"auto, (max-width: 1024px) 100vw, 1024px\" \/><\/figure>\n\n\n\n<h4 class=\"wp-block-heading\">Insell\u00f6sung Faxempfang<\/h4>\n\n\n\n<p>Um eingehende Faxe nicht mehr auf Papier auszudrucken, um sie danach wieder einscannen zu m\u00fcssen, k\u00f6nnen eingehende Faxe direkt digital empfangen werden.<\/p>\n\n\n\n<p><strong>Variante 1: Eingehende Faxe direkt Speichern<\/strong><br>Ob \u00fcber ein aktuelles Multifunktionsger\u00e4t oder \u00fcber die Telefonanlage von Agfeo: Die eingehenden Faxe k\u00f6nnen direkt und ohne Ausdruck als PDF im Netzwerk gespeichert werden. Von dort aus k\u00f6nnen sie die Faxe \u00fcber die einschl\u00e4gigen Importfunktionen in Duria importieren.<\/p>\n\n\n<div class=\"wp-block-image\">\n<figure class=\"aligncenter size-large\"><img loading=\"lazy\" decoding=\"async\" width=\"1024\" height=\"587\" src=\"https:\/\/www.asmi.de\/cms\/wp-content\/uploads\/2020\/09\/image-1024x587.png\" alt=\"\" class=\"wp-image-986\" srcset=\"https:\/\/www.asmi.de\/cms\/wp-content\/uploads\/2020\/09\/image-1024x587.png 1024w, https:\/\/www.asmi.de\/cms\/wp-content\/uploads\/2020\/09\/image-300x172.png 300w, https:\/\/www.asmi.de\/cms\/wp-content\/uploads\/2020\/09\/image-768x441.png 768w, https:\/\/www.asmi.de\/cms\/wp-content\/uploads\/2020\/09\/image-1536x881.png 1536w, https:\/\/www.asmi.de\/cms\/wp-content\/uploads\/2020\/09\/image.png 1726w\" sizes=\"auto, (max-width: 1024px) 100vw, 1024px\" \/><\/figure>\n<\/div>\n\n\n<p><strong>Variante 2: Eingehende Faxe per Email<\/strong><br>Wenn sie ihre eingegangenen Faxe ohne Umst\u00e4nde nicht nur in ihrer Praxis einsehen k\u00f6nnen wollen, gibt es die M\u00f6glichkeit ihre Faxe als PDF per Email eingehen zu lassen. Diese Emails k\u00f6nnen Sie bequem mit jedem Emailprogramm inner- und au\u00dferhalb der Praxis einsehen und abarbeiten.<\/p>\n\n\n\n<p><strong>Variante 3: Eingehende Faxe per Faxbox<\/strong><br>Um die Faxemails noch besser in Ihren Arbeitsfluss einzubetten und mit Ihrer EDV zu verzahnen, haben wir die Faxbox entwickelt.<\/p>\n\n\n\n<p>Sie stellt die Faxe \u00fcbersichtlich dar und bietet gut erreichbare Schnellfunktionen zum Import in Duria, Drucken und Archivieren. Das Einsehen per Emailprogramm bleibt aus Wunsch nat\u00fcrlich weiter erhalten und erm\u00f6glicht so maximale Flexibilit\u00e4t.<\/p>\n\n\n\n<figure class=\"wp-block-image size-large\"><img loading=\"lazy\" decoding=\"async\" width=\"1024\" height=\"504\" src=\"https:\/\/www.asmi.de\/cms\/wp-content\/uploads\/2020\/09\/image-2-1024x504.png\" alt=\"\" class=\"wp-image-990\" srcset=\"https:\/\/www.asmi.de\/cms\/wp-content\/uploads\/2020\/09\/image-2-1024x504.png 1024w, https:\/\/www.asmi.de\/cms\/wp-content\/uploads\/2020\/09\/image-2-300x148.png 300w, https:\/\/www.asmi.de\/cms\/wp-content\/uploads\/2020\/09\/image-2-768x378.png 768w, https:\/\/www.asmi.de\/cms\/wp-content\/uploads\/2020\/09\/image-2.png 1402w\" sizes=\"auto, (max-width: 1024px) 100vw, 1024px\" \/><\/figure>\n\n\n\n<h4 class=\"wp-block-heading\">Insell\u00f6sung Faxversand<\/h4>\n\n\n\n<p>Auch wenn Sie die Faxe nach wie vor per Papier empfangen m\u00f6chten, ist der computergest\u00fctzte Faxversand einfach und schnell realisierbar, sofern sie in Ihrer Praxis ein modernes netzwerkf\u00e4higes Multifunkionsfaxger\u00e4t einsetzen. Es erm\u00f6glicht Ihnen ohne Zusatzkosten von jedem Arbeitsplatz aus Dokumente direkt als Fax zu versenden, ohne diese erst ausdrucken zu m\u00fcssen.<\/p>\n\n\n\n<p>M\u00f6chten Sie auch die Empf\u00e4ngernummer automatisch aus DURIA \u00fcbergeben, kommen Sie um eine rein digitale L\u00f6sung allerdings nicht herum.<\/p>\n","protected":false},"excerpt":{"rendered":"<p>Im Gesundheitswesen ist das Fax trotz der Telematik Infrastruktur nach wie vor pr\u00e4sent, um eine einfache \u00dcbermittlung von Patientenbefunden, Bescheinigungen und Kommunikation mit noch nicht an die Telematik angeschlossenen Institutionen zu realisieren. Allerdings ist es neben dem Schonen der Umwelt<\/p>\n","protected":false},"author":4,"featured_media":0,"parent":0,"menu_order":0,"comment_status":"closed","ping_status":"closed","template":"","meta":{"_editorskit_title_hidden":false,"_editorskit_reading_time":0,"_editorskit_is_block_options_detached":false,"_editorskit_block_options_position":"{}","footnotes":""},"class_list":["post-651","page","type-page","status-publish","hentry"],"_links":{"self":[{"href":"https:\/\/www.asmi.de\/cms\/wp-json\/wp\/v2\/pages\/651","targetHints":{"allow":["GET"]}}],"collection":[{"href":"https:\/\/www.asmi.de\/cms\/wp-json\/wp\/v2\/pages"}],"about":[{"href":"https:\/\/www.asmi.de\/cms\/wp-json\/wp\/v2\/types\/page"}],"author":[{"embeddable":true,"href":"https:\/\/www.asmi.de\/cms\/wp-json\/wp\/v2\/users\/4"}],"replies":[{"embeddable":true,"href":"https:\/\/www.asmi.de\/cms\/wp-json\/wp\/v2\/comments?post=651"}],"version-history":[{"count":10,"href":"https:\/\/www.asmi.de\/cms\/wp-json\/wp\/v2\/pages\/651\/revisions"}],"predecessor-version":[{"id":1879,"href":"https:\/\/www.asmi.de\/cms\/wp-json\/wp\/v2\/pages\/651\/revisions\/1879"}],"wp:attachment":[{"href":"https:\/\/www.asmi.de\/cms\/wp-json\/wp\/v2\/media?parent=651"}],"curies":[{"name":"wp","href":"https:\/\/api.w.org\/{rel}","templated":true}]}}