{"id":61,"date":"2019-08-07T18:52:20","date_gmt":"2019-08-07T16:52:20","guid":{"rendered":"https:\/\/www.asmi.de\/cms\/?page_id=61"},"modified":"2020-12-18T16:19:41","modified_gmt":"2020-12-18T15:19:41","slug":"duria-support-center-und-systemhaus-seit-1991","status":"publish","type":"page","link":"https:\/\/www.asmi.de\/cms\/","title":{"rendered":"Duria-Support-Center und Systemhaus seit 1991"},"content":{"rendered":"\n<h2 class=\"has-text-align-center wp-block-heading\"><strong>Duria-Support-Center<\/strong> und <strong>Systemhaus<\/strong> seit 1991<\/h2>\n\n\n\n<h2 class=\"has-text-align-center editorskit-no-mobile wp-block-heading\">Wir sind Ihr ganzheitlicher Partner f\u00fcr:<br>Software &#8211; Hardware &#8211; Telefonie &#8211; Netzwerke<\/h2>\n\n\n\n<h3 class=\"has-text-align-center editorskit-no-desktop editorskit-no-tablet wp-block-heading\" id=\"block-2b734bfb-62b7-4958-b597-7f6b73c9a28a\">Wir sind Ihr ganzheitlicher Partner f\u00fcr Software, Hardware, Telefonie und Netzwerke.<\/h3>\n\n\n\n<div class=\"wp-block-image\"><figure class=\"aligncenter is-resized\"><img loading=\"lazy\" decoding=\"async\" src=\"https:\/\/www.asmi.de\/cms\/wp-content\/uploads\/2019\/08\/overv.png\" alt=\"\" class=\"wp-image-66\" width=\"317\" height=\"271\" srcset=\"https:\/\/www.asmi.de\/cms\/wp-content\/uploads\/2019\/08\/overv.png 704w, https:\/\/www.asmi.de\/cms\/wp-content\/uploads\/2019\/08\/overv-300x256.png 300w\" sizes=\"auto, (max-width: 317px) 100vw, 317px\" \/><\/figure><\/div>\n\n\n\n<p>Damals wie Heute gilt: Die richtige EDV f\u00fcr Ihre Praxis ist im Alltag essentiell, um effizient und erfolgreich zu sein und ohne Stress arbeiten zu k\u00f6nnen.<\/p>\n\n\n\n<p>Unser Ziel ist es deswegen, Ihnen eine ma\u00dfgeschneiderte L\u00f6sung f\u00fcr Ihre Praxis bieten zu k\u00f6nnen, um Sie optimal in Ihren t\u00e4glichen Arbeitsabl\u00e4ufen zu unterst\u00fctzen.<\/p>\n\n\n\n<p>Dies erreichen wir durch unsere ganzheitliche Beratung zu Hardware, Software, Kommunikation, sowie unsere technische und programmspezifische Unterst\u00fctzung f\u00fcr Sie und Ihre Praxis.<\/p>\n\n\n\n<p>Wir unterst\u00fctzen Sie nicht nur im Rhein-Main-Gebiet im Gro\u00dfraum Frankfurt und Wiesbaden, sondern in ganz Hessen und dar\u00fcber hinaus.<\/p>\n","protected":false},"excerpt":{"rendered":"<p>Duria-Support-Center und Systemhaus seit 1991 Wir sind Ihr ganzheitlicher Partner f\u00fcr:Software &#8211; Hardware &#8211; Telefonie &#8211; Netzwerke Wir sind Ihr ganzheitlicher Partner f\u00fcr Software, Hardware, Telefonie und Netzwerke. Damals wie Heute gilt: Die richtige EDV f\u00fcr Ihre Praxis ist im<\/p>\n","protected":false},"author":3,"featured_media":0,"parent":0,"menu_order":0,"comment_status":"closed","ping_status":"closed","template":"","meta":{"_editorskit_title_hidden":false,"_editorskit_reading_time":1,"_editorskit_is_block_options_detached":false,"_editorskit_block_options_position":"{}","footnotes":""},"class_list":["post-61","page","type-page","status-publish","hentry"],"_links":{"self":[{"href":"https:\/\/www.asmi.de\/cms\/wp-json\/wp\/v2\/pages\/61","targetHints":{"allow":["GET"]}}],"collection":[{"href":"https:\/\/www.asmi.de\/cms\/wp-json\/wp\/v2\/pages"}],"about":[{"href":"https:\/\/www.asmi.de\/cms\/wp-json\/wp\/v2\/types\/page"}],"author":[{"embeddable":true,"href":"https:\/\/www.asmi.de\/cms\/wp-json\/wp\/v2\/users\/3"}],"replies":[{"embeddable":true,"href":"https:\/\/www.asmi.de\/cms\/wp-json\/wp\/v2\/comments?post=61"}],"version-history":[{"count":28,"href":"https:\/\/www.asmi.de\/cms\/wp-json\/wp\/v2\/pages\/61\/revisions"}],"predecessor-version":[{"id":1135,"href":"https:\/\/www.asmi.de\/cms\/wp-json\/wp\/v2\/pages\/61\/revisions\/1135"}],"wp:attachment":[{"href":"https:\/\/www.asmi.de\/cms\/wp-json\/wp\/v2\/media?parent=61"}],"curies":[{"name":"wp","href":"https:\/\/api.w.org\/{rel}","templated":true}]}}