{"id":322,"date":"2019-12-13T10:03:57","date_gmt":"2019-12-13T09:03:57","guid":{"rendered":"https:\/\/www.asmi.de\/cms\/?page_id=322"},"modified":"2020-02-20T14:56:49","modified_gmt":"2020-02-20T13:56:49","slug":"sms-erinnerungen","status":"publish","type":"page","link":"https:\/\/www.asmi.de\/cms\/sms-erinnerungen\/","title":{"rendered":"SMS-Erinnerungen"},"content":{"rendered":"\n<div class=\"wp-block-image\"><figure class=\"alignright size-large is-resized\"><img decoding=\"async\" src=\"https:\/\/www.asmi.de\/cms\/wp-content\/uploads\/2020\/02\/SMS.jpg\" alt=\"\" class=\"wp-image-598\" width=\"200\" srcset=\"https:\/\/www.asmi.de\/cms\/wp-content\/uploads\/2020\/02\/SMS.jpg 551w, https:\/\/www.asmi.de\/cms\/wp-content\/uploads\/2020\/02\/SMS-300x293.jpg 300w\" sizes=\"(max-width: 551px) 100vw, 551px\" \/><\/figure><\/div>\n\n\n\n<p>Oftmals werden Termine durch Patienten vergessen. Mit der SMS-Erinnerung am Vortag des Praxisbesuches sparen Sie wertvolle Zeit und bieten Ihren Patienten einen hervorragenden Service.<\/p>\n\n\n\n<p>Die SMS k\u00f6nnen bequem aus Duria versendet werden.<br>Mittels einer gefertigten Vorlage, sind hierf\u00fcr nur wenige Klicks von N\u00f6ten.<\/p>\n","protected":false},"excerpt":{"rendered":"<p>Oftmals werden Termine durch Patienten vergessen. Mit der SMS-Erinnerung am Vortag des Praxisbesuches sparen Sie wertvolle Zeit und bieten Ihren Patienten einen hervorragenden Service. Die SMS k\u00f6nnen bequem aus Duria versendet werden.Mittels einer gefertigten Vorlage, sind hierf\u00fcr nur wenige Klicks<\/p>\n","protected":false},"author":3,"featured_media":0,"parent":0,"menu_order":0,"comment_status":"closed","ping_status":"closed","template":"","meta":{"_editorskit_title_hidden":false,"_editorskit_reading_time":0,"_editorskit_is_block_options_detached":false,"_editorskit_block_options_position":"{}","footnotes":""},"class_list":["post-322","page","type-page","status-publish","hentry"],"_links":{"self":[{"href":"https:\/\/www.asmi.de\/cms\/wp-json\/wp\/v2\/pages\/322","targetHints":{"allow":["GET"]}}],"collection":[{"href":"https:\/\/www.asmi.de\/cms\/wp-json\/wp\/v2\/pages"}],"about":[{"href":"https:\/\/www.asmi.de\/cms\/wp-json\/wp\/v2\/types\/page"}],"author":[{"embeddable":true,"href":"https:\/\/www.asmi.de\/cms\/wp-json\/wp\/v2\/users\/3"}],"replies":[{"embeddable":true,"href":"https:\/\/www.asmi.de\/cms\/wp-json\/wp\/v2\/comments?post=322"}],"version-history":[{"count":6,"href":"https:\/\/www.asmi.de\/cms\/wp-json\/wp\/v2\/pages\/322\/revisions"}],"predecessor-version":[{"id":599,"href":"https:\/\/www.asmi.de\/cms\/wp-json\/wp\/v2\/pages\/322\/revisions\/599"}],"wp:attachment":[{"href":"https:\/\/www.asmi.de\/cms\/wp-json\/wp\/v2\/media?parent=322"}],"curies":[{"name":"wp","href":"https:\/\/api.w.org\/{rel}","templated":true}]}}