{"id":165,"date":"2019-08-08T06:51:08","date_gmt":"2019-08-08T04:51:08","guid":{"rendered":"https:\/\/www.asmi.de\/cms\/?page_id=165"},"modified":"2020-02-20T14:36:07","modified_gmt":"2020-02-20T13:36:07","slug":"datenschutzbeauftragung","status":"publish","type":"page","link":"https:\/\/www.asmi.de\/cms\/datenschutzbeauftragung\/","title":{"rendered":"Datenschutzbeauftragung"},"content":{"rendered":"\n<div class=\"wp-block-image\"><figure class=\"alignright size-large is-resized\"><img decoding=\"async\" src=\"https:\/\/www.asmi.de\/cms\/wp-content\/uploads\/2020\/02\/Datenschutz.jpg\" alt=\"\" class=\"wp-image-590\" width=\"200\" srcset=\"https:\/\/www.asmi.de\/cms\/wp-content\/uploads\/2020\/02\/Datenschutz.jpg 602w, https:\/\/www.asmi.de\/cms\/wp-content\/uploads\/2020\/02\/Datenschutz-300x277.jpg 300w\" sizes=\"(max-width: 602px) 100vw, 602px\" \/><\/figure><\/div>\n\n\n\n<p>Der Datenschutz ist gerade f\u00fcr Arztpraxen von immenser Wichtigkeit. T\u00e4glich werden hoch sensible personenbezogene Daten erfasst und verarbeitet. Der geringste Fehler kann gigantische Auswirkungen haben.<\/p>\n\n\n\n<p>Doch was muss man beim Datenschutz alles beachten? Wie gehe ich mit Daten richtig um? Wie sieht ein datenschutzkonformer Praxisalltag aus?<\/p>\n\n\n\n<p>In den vergangenen Jahren wird der Datenschutz rechtlich immer weiter versch\u00e4rft und die Sanktionen bei einer Verletzung erh\u00f6ht.<\/p>\n\n\n\n<p>Ab einer Unternehmensgr\u00f6\u00dfe von 10 Mitarbeitern ist man in Deutschland dazu verpflichtet einen zertifizierten Datenschutzbeauftragten zu haben, welcher die n\u00f6tige Fachkunde f\u00fcr die Aus\u00fcbung besitzt. Regelm\u00e4\u00dfige Schulungsbesuche sind f\u00fcr diesen ebenso ein Muss.<\/p>\n\n\n\n<p>Doch dies muss nicht hei\u00dfen, dass die Aufgabe von einem Ihrer Mitarbeiter \u00fcbernommen werden muss.<br>Profitieren Sie von unserem Knowhow und beauftragen Sie uns als externen Datenschutzbeauftragten.<\/p>\n","protected":false},"excerpt":{"rendered":"<p>Der Datenschutz ist gerade f\u00fcr Arztpraxen von immenser Wichtigkeit. T\u00e4glich werden hoch sensible personenbezogene Daten erfasst und verarbeitet. Der geringste Fehler kann gigantische Auswirkungen haben. Doch was muss man beim Datenschutz alles beachten? Wie gehe ich mit Daten richtig um?<\/p>\n","protected":false},"author":3,"featured_media":0,"parent":0,"menu_order":0,"comment_status":"closed","ping_status":"closed","template":"","meta":{"_editorskit_title_hidden":false,"_editorskit_reading_time":0,"_editorskit_is_block_options_detached":false,"_editorskit_block_options_position":"{}","footnotes":""},"class_list":["post-165","page","type-page","status-publish","hentry"],"_links":{"self":[{"href":"https:\/\/www.asmi.de\/cms\/wp-json\/wp\/v2\/pages\/165","targetHints":{"allow":["GET"]}}],"collection":[{"href":"https:\/\/www.asmi.de\/cms\/wp-json\/wp\/v2\/pages"}],"about":[{"href":"https:\/\/www.asmi.de\/cms\/wp-json\/wp\/v2\/types\/page"}],"author":[{"embeddable":true,"href":"https:\/\/www.asmi.de\/cms\/wp-json\/wp\/v2\/users\/3"}],"replies":[{"embeddable":true,"href":"https:\/\/www.asmi.de\/cms\/wp-json\/wp\/v2\/comments?post=165"}],"version-history":[{"count":4,"href":"https:\/\/www.asmi.de\/cms\/wp-json\/wp\/v2\/pages\/165\/revisions"}],"predecessor-version":[{"id":591,"href":"https:\/\/www.asmi.de\/cms\/wp-json\/wp\/v2\/pages\/165\/revisions\/591"}],"wp:attachment":[{"href":"https:\/\/www.asmi.de\/cms\/wp-json\/wp\/v2\/media?parent=165"}],"curies":[{"name":"wp","href":"https:\/\/api.w.org\/{rel}","templated":true}]}}