{"id":124,"date":"2019-08-07T21:59:02","date_gmt":"2019-08-07T19:59:02","guid":{"rendered":"https:\/\/www.asmi.de\/cms\/?page_id=124"},"modified":"2020-02-28T10:36:39","modified_gmt":"2020-02-28T09:36:39","slug":"virtualisierung","status":"publish","type":"page","link":"https:\/\/www.asmi.de\/cms\/virtualisierung\/","title":{"rendered":"Virtualisierung"},"content":{"rendered":"\n<div class=\"wp-block-image\"><figure class=\"alignright size-large is-resized\"><img loading=\"lazy\" decoding=\"async\" src=\"https:\/\/www.asmi.de\/cms\/wp-content\/uploads\/2020\/02\/Virtualisierer.jpg\" alt=\"\" class=\"wp-image-630\" width=\"200\" height=\"200\"\/><\/figure><\/div>\n\n\n\n<p>Oft werden f\u00fcr einen interferenzfreien Betrieb verschiedener Software mehrere Arbeitspl\u00e4tze oder Server ben\u00f6tigt, um Fehlern, Inkompatibilit\u00e4ten und Sicherheitsrisiken vorzubeugen.<\/p>\n\n\n\n<p>Virtualisierung ist die Technologie, mit der Sie sich unn\u00f6tige Ausgaben f\u00fcr zus\u00e4tzliche Hardware sparen k\u00f6nnen und trotzdem eine vollst\u00e4ndige Isolierung der einzelnen Applikationen erreichen. Zus\u00e4tzlich steigern Sie nicht nur die Betriebssicherheit sondern senken die Wartungskosten bei zuk\u00fcnftigen \u00c4nderungen und Troubleshooting an Ihren Systemen.<\/p>\n\n\n\n<p>Die von uns pr\u00e4ferierte Virtualisierungsl\u00f6sung (KVM) ist zudem f\u00fcr Sie mit keinerlei Lizenzkosten seitens des Herstellers verbunden. Wir setzen auf die Qualit\u00e4t und Sicherheit von Opensource! Aber auch Hyper-V, der Alternative aus dem Hause Microsoft, ist bei speziellen Anforderungen kein Problem.<\/p>\n\n\n\n<p>Konkret wird es durch Virtualisierung m\u00f6glich, mehrere Betriebssysteme getrennt von einander auf einem einzigen Rechner oder Server zu betreiben, Backups k\u00f6nnen ohne Herunterfahren von gesamten Virtuellen Maschinen erstellt werden, bei einem Hardwareaustausch oder -defekt, die Funktionalit\u00e4t ohne Anpassungen auf einen neuen Server \u00fcbertragen werden und alte Hardware problemlos abgel\u00f6st werden.<\/p>\n\n\n\n<p>Beinhaltet die Wartung einer Serversoftware beispielsweise den Neustart des Betriebssystems, so wird nur die betroffene Virtuelle Maschine neugestartet, w\u00e4hrend Sie alle weiteren unterbrechungsfrei weiter verwenden k\u00f6nnen.<\/p>\n\n\n\n<p> <\/p>\n","protected":false},"excerpt":{"rendered":"<p>Oft werden f\u00fcr einen interferenzfreien Betrieb verschiedener Software mehrere Arbeitspl\u00e4tze oder Server ben\u00f6tigt, um Fehlern, Inkompatibilit\u00e4ten und Sicherheitsrisiken vorzubeugen. Virtualisierung ist die Technologie, mit der Sie sich unn\u00f6tige Ausgaben f\u00fcr zus\u00e4tzliche Hardware sparen k\u00f6nnen und trotzdem eine vollst\u00e4ndige Isolierung der<\/p>\n","protected":false},"author":3,"featured_media":0,"parent":0,"menu_order":0,"comment_status":"closed","ping_status":"closed","template":"","meta":{"_editorskit_title_hidden":false,"_editorskit_reading_time":0,"_editorskit_is_block_options_detached":false,"_editorskit_block_options_position":"{}","footnotes":""},"class_list":["post-124","page","type-page","status-publish","hentry"],"_links":{"self":[{"href":"https:\/\/www.asmi.de\/cms\/wp-json\/wp\/v2\/pages\/124","targetHints":{"allow":["GET"]}}],"collection":[{"href":"https:\/\/www.asmi.de\/cms\/wp-json\/wp\/v2\/pages"}],"about":[{"href":"https:\/\/www.asmi.de\/cms\/wp-json\/wp\/v2\/types\/page"}],"author":[{"embeddable":true,"href":"https:\/\/www.asmi.de\/cms\/wp-json\/wp\/v2\/users\/3"}],"replies":[{"embeddable":true,"href":"https:\/\/www.asmi.de\/cms\/wp-json\/wp\/v2\/comments?post=124"}],"version-history":[{"count":8,"href":"https:\/\/www.asmi.de\/cms\/wp-json\/wp\/v2\/pages\/124\/revisions"}],"predecessor-version":[{"id":722,"href":"https:\/\/www.asmi.de\/cms\/wp-json\/wp\/v2\/pages\/124\/revisions\/722"}],"wp:attachment":[{"href":"https:\/\/www.asmi.de\/cms\/wp-json\/wp\/v2\/media?parent=124"}],"curies":[{"name":"wp","href":"https:\/\/api.w.org\/{rel}","templated":true}]}}